ainder when 91346 is divided by 35?
31
What is the remainder when 2559851 is divided by 489?
425
What is the remainder when 4035175 is divided by 623?
4
What is the remainder when 184566 is divided by 46127?
58
What is the remainder when 2192741 is divided by 62649?
26
What is the remainder when 8608255 is divided by 512?
511
Calculate the remainder when 310183 is divided by 20678.
13
Calculate the remainder when 239136894 is divided by 290.
284
Calculate the remainder when 33353302 is divided by 33353271.
31
What is the remainder when 399178 is divided by 20518?
9336
What is the remainder when 861782 is divided by 78328?
174
Calculate the remainder when 109638 is divided by 908.
678
Calculate the remainder when 3501 is divided by 1380.
741
What is the remainder when 14430428 is divided by 189874?
4
What is the remainder when 60541 is divided by 54649?
5892
What is the remainder when 7511060 is divided by 178830?
200
Calculate the remainder when 1872192 is divided by 54.
12
Calculate the remainder when 5564054 is divided by 327295.
39
Calculate the remainder when 38728 is divided by 2334.
1384
What is the remainder when 127470 is divided by 3035?
0
What is the remainder when 4234393 is divided by 52?
33
What is the remainder when 700196 is divided by 87522?
20
Calculate the remainder when 54028 is divided by 51836.
2192
What is the remainder when 1410029 is divided by 2696?
21
Calculate the remainder when 3746590 is divided by 3071.
3041
What is the remainder when 1196597 is divided by 7343?
7031
What is the remainder when 76871 is divided by 4694?
1767
Calculate the remainder when 8096700 is divided by 5936.
5932
Calculate the remainder when 483147 is divided by 1331.
1325
What is the remainder when 11046034 is divided by 49?
13
What is the remainder when 1005071 is divided by 6742?
513
What is the remainder when 2172579 is divided by 92?
91
Calculate the remainder when 812248 is divided by 101371.
1280
What is the remainder when 71906442 is divided by 228?
30
Calculate the remainder when 43750 is divided by 1428.
910
Calculate the remainder when 392781 is divided by 1176.
1173
What is the remainder when 79021500 is divided by 1618?
1616
What is the remainder when 29543979 is divided by 202356?
3
What is the remainder when 14156758 is divided by 560?
518
What is the remainder when 1229889 is divided by 19216?
65
Calculate the remainder when 13533514 is divided by 14.
8
What is the remainder when 2842394 is divided by 4918?
4708
Calculate the remainder when 6557111 is divided by 3278554.
3
What is the remainder when 1774185 is divided by 3548?
185
What is the remainder when 29686 is divided by 1745?
21
Calculate the remainder when 7348822 is divided by 4800.
22
What is the remainder when 1620739 is divided by 67520?
259
Calculate the remainder when 85320 is divided by 21265.
260
Calculate the remainder when 11047182 is divided by 736478.
12
What is the remainder when 121842 is divided by 30408?
210
Calculate the remainder when 1553146 is divided by 531.
502
Calculate the remainder when 82337 is divided by 82.
9
Calculate the remainder when 927180 is divided by 4829.
12
What is the remainder when 80045820 is divided by 39?
36
What is the remainder when 217330 is divided by 108438?
454
What is the remainder when 291659940 is divided by 178?
176
What is the remainder when 4958323 is divided by 6746?
13
Calculate the remainder when 1674421 is divided by 83720.
21
What is the remainder when 229444 is divided by 129?
82
Calculate the remainder when 88423577 is divided by 28.
25
What is the remainder when 251109 is divided by 7?
5
Calculate the remainder when 53882 is divided by 4488.
26
What is the remainder when 4417221 is divided by 4417214?
7
Calculate the remainder when 1624 is divided by 135.
4
What is the remainder when 19944125 is divided by 19944067?
58
Calculate the remainder when 85547276 is divided by 21.
17
What is the remainder when 7206756 is divided by 6406?
6
Calculate the remainder when 66402166 is divided by 449.
5
What is the remainder when 49314 is divided by 22?
12
Calculate the remainder when 718259 is divided by 12.
11
What is the remainder when 445366 is divided by 49476?
82
What is the remainder when 3112303 is divided by 3297?
3232
What is the remainder when 149081731 is divided by 442?
435
What is the remainder when 680315 is divided by 61834?
141
Calculate the remainder when 7367 is divided by 1792.
199
Calculate the remainder when 116933459 is divided by 51.
47
What is the remainder when 4102989 is divided by 47?
30
Calculate the remainder when 87358 is divided by 424.
14
What is the remainder when 3899215 is divided by 26?
21
Calculate the remainder when 59851 is divided by 23512.
12827
Calculate the remainder when 226749 is divided by 5215.
2504
What is the remainder when 1147074 is divided by 28?
26
What is the remainder when 73050818 is divided by 6005?
5998
What is the remainder when 2608821 is divided by 241?
237
Calculate the remainder when 3288083 is divided by 293.
37
What is the remainder when 805394 is divided by 6495?
14
What is the remainder when 1162567 is divided by 3?
1
What is the remainder when 2646567 is divided by 230?
187
Calculate the remainder when 3652157 is divided by 13.
2
What is the remainder when 3518236 is divided by 31?
15
What is the remainder when 47506405 is divided by 46?
43
Calculate the remainder when 245656559 is divided by 3056.
3055
What is the remainder when 232044 is divided by 267?
21
What is the remainder when 1453149 is divided by 32?
29
What is the remainder when 23386646 is divided by 50?
46
Calculate the remainder when 5787349 is divided by 325.
74
Calculate the remainder when 41758 is divided by 148.
22
Calculate the remainder when 284917 is divided by 94918.
163
What is the remainder when 100382 is divided by 153?
14
Calculate the remainder when 928384 is divided by 21.
16
What is the remainder when 5796769 is divided by 29?
17
What is the remainder when 364399 is divided by 28029?
22
What is the remainder when 42405 is divided by 343?
216
Calculate the remainder when 2023403 is divided by 1039.
470
Calculate the remainder when 3461769 is divided by 3461615.
154
Calculate the remainder when 3598997 is divided by 40.
37
Calculate the remainder when 91779706 is divided by 705.
691
Calculate the remainder when 38540 is divided by 6419.
26
What is the remainder when 11665145 is divided by 11665119?
26
What is the remainder when 783158 is divided by 391573?
12
What is the remainder when 4327307 is divided by 77273?
19
What is the remainder when 15230835 is divided by 2081?
2077
What is the remainder when 5243791 is divided by 668?
659
Calculate the remainder when 23061429 is divided by 1517.
1512
Calculate the remainder when 475715 is divided by 421.
406
Calculate the remainder when 106864157 is divided by 1040.
1037
What is the remainder when 2330441334 is divided by 1147?
1144
What is the remainder when 12081297 is divided by 464665?
7
Calculate the remainder when 105908 is divided by 17367.
1706
Calculate the remainder when 49140041 is divided by 126324.
5
What is the remainder when 9918611 is divided by 583447?
12
Calculate the remainder when 2778340 is divided by 659.
655
Calculate the remainder when 1854568 is divided by 37090.
68
What is the remainder when 121198 is divided by 551?
529
Calculate the remainder when 32367639 is divided by 11913.
18
Calculate the remainder when 5211126 is divided by 538.
58
Calculate the remainder when 76878 is divided by 1080.
198
Calculate the remainder when 812301 is divided by 1323.
1302
What is the remainder when 10467692 is divided by 90?
62
Calculate the remainder when 157448 is divided by 13860.
4988
What is the remainder when 5816992 is divided by 23839?
276
What is the remainder when 187718011 is divided by 48?
43
Calculate the remainder when 105305006 is divided by 30.
26
Calculate the remainder when 8326569 is divided by 1189.
2
Calculate the remainder when 28010755 is divided by 7002668.
83
Calculate the remainder when 3098264 is divided by 2962.
12
Calculate the remainder when 217763 is divided by 807.
680
What is the remainder when 708397368 is divided by 257?
255
What is the remainder when 162367 is divided by 446?
23
